 1158 and c.
6
Let j = -255 - -257. Let y be -6*j/9*-18. Let x be -2 - 0 - (-10 - 0). Calculate the highest common factor of y and x.
8
Suppose 3*l = 2*l. Suppose 11*c - 12*c + 37 = l. Let t = c + -18. What is the highest common divisor of t and 19?
19
Let h(b) = -b**2 + 5*b + 8. Let u be h(6). Let t be (2/(-7))/(40/(-70)) + (-326)/(-4). Calculate the greatest common factor of t and u.
2
Suppose 0 = -5*p + 2*i + 1218, 2*i - 504 = -39*p + 37*p. What is the highest common divisor of p and 1394?
82
Suppose -77*i = -76*i. Let n be (-6)/(i - -1) + 78. Suppose q = 5*q - 720. Calculate the highest common divisor of n and q.
36
Let r be (-64)/(-24)*66*(142 - 5). What is the greatest common factor of 176 and r?
176
Suppose 5*m + 963 = k, 0 = 30*k - 32*k + 5*m + 1931. What is the greatest common divisor of 110 and k?
22
Suppose 32*l - 36*l + 9516 = 2*h, -2*h + 9498 = -2*l. Calculate the highest common divisor of 44 and h.
44
Let x be 0/((-2)/(-2)) + (-1044)/(-58). Let m be x - -1*(4 + -4). Calculate the highest common factor of m and 45.
9
Let v = 213 + -222. Let q(b) = b**2 - 7*b - 38. Let j be q(v). What is the highest common divisor of 2 and j?
2
Let n(x) = x**2 - 4*x + 1. Let q be n(4). Suppose 0 = -6*d - 69 + 43 + 32. Calculate the greatest common divisor of d and q.
1
Suppose -119*v = -100*v - 8778. What is the greatest common divisor of 56 and v?
14
Suppose -18*w + 926 = -478. Suppose -6 - 6 = -2*m. Calculate the highest common divisor of w and m.
6
Let s be (18/21)/3 + -10 + (-17085)/(-7). Calculate the greatest common divisor of s and 663.
221
Suppose 5*p + 12040 = 4*t, 5*t - 356*p - 15071 = -355*p. Calculate the greatest common divisor of 15 and t.
15
Let i be (8 + -15 + 8)*298. What is the highest common divisor of i and 2?
2
Suppose 0 = t + 5*q + 10, t - 5*q = 70 - 50. What is the greatest common factor of t and 9565?
5
Let k = 548 + -613. Let o = 79 + k. What is the highest common factor of 322 and o?
14
Let k = -1513 + 1619. What is the highest common factor of k and 2?
2
Suppose 3*m - 25*m - 9*m + 1457 = 0. Calculate the greatest common factor of 25709 and m.
47
Let g(s) = -795*s - 3. Let k be g(1). Let t be (0 + -4 + 1)/1 + k. Let l be 2 + (-18)/8 + t/(-36). Calculate the greatest common divisor of l and 242.
22
Let d(a) = -a**2 - 24*a - 54. Let r be d(-3). Suppose 4*v - o = 3*o + 4, 4*o + 31 = -5*v. Let q = -2 - v. Calculate the greatest common factor of r and q.
1
Suppose 0 = 57*q - 13*q + 12 - 100. Calculate the greatest common divisor of q and 4882.
2
Suppose -167*x + 175*x = 2080. Suppose v + 2*t - 89 = 0, 4*t + 17 = 3*v - x. Calculate the greatest common factor of v and 117.
13
Suppose 4*n - 4168 = 8132. What is the highest common factor of 246 and n?
123
Let r(c) = -2*c**2 + c - 1. Let m(p) = -11*p**2 + 13*p + 43. Let o(n) = m(n) - 5*r(n). Let w be o(11). Calculate the greatest common factor of w and 105.
15
Suppose -2*g - 243 = g + 5*h, g = h - 89. Let a = g + 114. What is the highest common factor of a and 252?
28
Let b be (-253)/(-3) + 4/6. Suppose -4*x + 258 = -334. Let i = -114 + x. Calculate the highest common factor of b and i.
17
Let f(q) = 2*q**2 - 7*q + 6. Let h be f(3). Suppose -z - 23 = -2*v, -5*z = -h*v + 20 + 4. Let c = v - -13. What is the greatest common factor of 26 and c?
26
Let g(r) = -150*r - 6. Let h be g(-4). Let t be 222/11 - 78260/(-43043). What is the greatest common divisor of h and t?
22
Let w = 74 + -66. Suppose u - 6 - w = 0. Let g(z) = -z**3 + 16*z**2 - 26*z - 16. Let y be g(u). What is the highest common divisor of 8 and y?
4
Let f(x) = -x**3 + 5*x**2 + 6*x - 2. Let t = -199 + 197. Let g be f(t). What is the highest common factor of g and 112?
14
Suppose -230*k + 447*k + 678*k - 138593 = -628*k. Let x = 7 + -1. Suppose -8 = -2*n + x. What is the highest common factor of n and k?
7
Let n be 3*(0 - 764/(-6)). Suppose -2*v + 108 = -n. Let w be 45 - ((-3526)/(-301) - (-48)/(-28)). What is the greatest common divisor of v and w?
35
Let s be 4/(-2) - (2 - 18). Suppose 489 = -5*h + 9*h + 3*f, -2*f + 242 = 2*h. Calculate the highest common divisor of h and s.
14
Suppose 23*i - 3180 = 144 + 80. What is the greatest common factor of i and 5180?
148
Let q be ((-3)/12*30)/(15/(-36)). Let r = -2 + 5. Let f be r/4 + 141/4. Calculate the highest common divisor of f and q.
18
Suppose 0 = -5*x + 3*a - 66, 3*x = -2*x - 3*a - 84. Let j be x/(-2)*-4*28/(-8). Calculate the greatest common factor of 63 and j.
21
Suppose -7*g = 354 - 368. Let b(s) = 135*s**2 - 4*s + 12. Let u be b(g). Calculate the greatest common divisor of 68 and u.
68
Let a be ((-66)/(-77))/((-3)/(-21)*1). Let k be 10/a*306/170. What is the highest common factor of 144 and k?
3
Let a = 612 + -373. Suppose 7*w - 209 = a. Suppose -w = -4*o + 3*o. What is the greatest common divisor of 16 and o?
16
Let z(l) = 944*l - 12373. Let d be z(24). Calculate the highest common divisor of d and 26.
13
Let z = 8541 + -8398. Calculate the highest common divisor of 7 and z.
1
Let x(v) = -v**3 - v**2 + v + 32. Let f be x(0). Suppose 0 = w + w - f. Let g(y) = -72*y + 290. Let m be g(4). What is the highest common factor of m and w?
2
Let a = -248 - -245. Let r be (393 + a)/(0 + 2 + 0). What is the highest common divisor of r and 15?
15
Suppose 62*s - 60*s - 132 = 0. What is the highest common divisor of 1914 and s?
66
Let x(c) = c**2 - 7*c - 73. Let h be x(-6). Let m be 5766/279*(h + 1). Calculate the highest common factor of m and 31.
31
Let o(u) = -12*u - 18. Let h(q) = q**2 - 2*q - 1. Let s(n) = 2*h(n) - o(n). Let f be s(-2). Let b = 24 - 4. Calculate the greatest common factor of f and b.
4
Let b = -2 + -18. Let c = b - -40. Suppose -23*p + 8*p = -750. Calculate the highest common factor of p and c.
10
Let p(a) = -41*a - 27. Let r(q) = -q**3 + 8*q**2 - 14*q + 2. Let m be r(2). Let j be p(m). What is the greatest common factor of j and 1045?
55
Let c(g) = -g**2 + 13. Let k be c(0). Suppose -4*p - 1 = -k. Suppose -t - 50 = -2*t + 3*m, m = -p*t + 170. What is the greatest common divisor of 7 and t?
7
Let u = 5639 - 4827. Calculate the greatest common divisor of u and 42.
14
Let n be (-3)/((-9)/318) - (6 + -2). Let k = 122 - n. Calculate the highest common factor of k and 12.
4
Let p(i) = 112*i - 11. Let z be p(4). Let h = -6668 - -6691. Calculate the greatest common divisor of h and z.
23
Suppose 2*y - 1702 = -2*j, 2*y + 0*y - 1722 = 3*j. Let c(x) = -x**3 + 23*x**2 - 93*x + 1261. Let o be c(21). Calculate the greatest common divisor of o and y.
95
Suppose 37677 = 138*b - 12417. Calculate the greatest common divisor of 1573 and b.
121
Let h(a) = -8*a + 9. Let p be h(-6). Let r be ((-19)/p)/(2/(-246)). Let l = 42 - r. Calculate the greatest common divisor of 4 and l.
1
Let q be (-3)/4 - (4 - 21/(-4)). Let w be (15/2)/((-3)/q). Suppose -m + o = 3*o - w, 4*m + 4*o = 112. What is the greatest common factor of m and 31?
31
Let a(j) = -j**3 - 2*j**2 - 499*j - 1486. Let v be a(-3). Calculate the highest common factor of v and 12500.
20
Let i be 292/(-219)*(-5754)/4. Calculate the highest common divisor of 14 and i.
14
Suppose 28 = 5*h - 7. Let b be (-1 + 6/3)*h. Let j(t) = t**2 - 4*t - 11. Let a be j(-6). What is the greatest common factor of b and a?
7
Let b = -13500 - -13535. What is the greatest common factor of b and 16765?
35
Let o(c) = c**2 - 4*c + 5. Let d be o(5). Let y = 93109 + -93089. Calculate the highest common divisor of d and y.
10
Suppose 0 = y - d - 55, -7*d = -4*d + 3. Let h = -51 + y. Suppose 3*u = h*s - 36, s - 4*u = -0*u. Calculate the greatest common factor of s and 8.
8
Suppose 3197 = -3*v + 12754 + 1948. What is the highest common divisor of v and 130?
65
Suppose -16105 = -g - 16040. What is the highest common divisor of g and 10?
5
Let h be (6/(-8))/((-6)/16). Suppose -h*d = -0*d - 30. Suppose 235 = -63*i + 410 + 140. Calculate the greatest common divisor of d and i.
5
Let t(o) = o**2 - 3. Let q be t(-5). Suppose -11 + 47 - 21 = 15*g. What is the greatest common factor of q and g?
1
Suppose 0 = 19*l - 357943 + 14290. Suppose 11097 + l = 19*b. What is the highest common divisor of b and 24?
24
Suppose -20 = -8*s + 4. Let u be (3 - (0 - -5))/(s/(-1020)). Suppose 15*c = 10*c + u. What is the greatest common factor of c and 8?
8
Let s be 1567 + ((-5 - 